 -7*k(y) - 6*z(y). What is the tens digit of i(3)?
1
Let d(s) = 564*s**2 + 2*s. What is the tens digit of d(1)?
6
Let m(s) = 4 + 2*s - 2 + 12*s - 11*s**2 + s**3. Suppose 0 = -g + 58 - 48. What is the tens digit of m(g)?
4
Suppose -3*a = -2*g - 979, 0 = a + g - 6*g - 309. What is the hundreds digit of a?
3
Let k be 1 + 1 - (1 - 0). Let a be (-40)/(-12) + k/(-3). What is the tens digit of -9*2/(-3)*a?
1
Suppose j - u = -3, 0 = -3*j + 4*u + 1 - 9. What is the units digit of j/12*-3 - -38?
9
Let i be 4/6 - 382/(-3). Let c = -85 + i. What is the units digit of c?
3
Suppose -7 + 3 = 2*v. Let t be (-7 - v) + 0 - 2. Let r(i) = i**2 + 2*i. What is the units digit of r(t)?
5
Suppose -7452 = -2*p - 1580. What is the hundreds digit of p?
9
Let a be (5/(30/(-4)))/(4/(-18)). Suppose -2*w + 272 = 4*f, -4*w - a*f = -5*f - 504. What is the units digit of w?
8
Suppose -3*p = -1789 - 3431. What is the tens digit of p?
4
Suppose 0 = -18*j + 8164 + 18530. What is the hundreds digit of j?
4
Let r = 2887 - 1064. What is the thousands digit of r?
1
Let y(q) = -24*q - 12. Let m be y(-6). Suppose -4*a + 0*a = -m. What is the units digit of a?
3
Let z = 3 - -3. Let w(f) = -f**2 + 6*f. Let b be w(z). Suppose b*s = 4*s - 144. What is the units digit of s?
6
Let b(u) = 8*u**2 + 17*u + 48. What is the units digit of b(-19)?
3
Let t = 606 - 129. What is the units digit of t?
7
Let f(j) = -9*j + 34. Let m be f(10). Let t be (-1 - 18) + (-1 - -1). Let a = t - m. What is the tens digit of a?
3
Let s(t) be the third derivative of -t**5/60 - 5*t**4/12 - t**3/6 - 10*t**2. Suppose -4*z - 16 = 3*y, y - z = 4*y + 22. What is the tens digit of s(y)?
1
What is the units digit of (54 + -2)/(8/24)?
6
Let k = -793 + 795. Let a = -871 - -617. What is the tens digit of k/(-4) + a/(-4)?
6
Let z(y) = 26*y + 11. What is the hundreds digit of z(8)?
2
Let b be (-4)/((-32)/404)*2. Suppose -o - 3*o = -264. Let a = b - o. What is the units digit of a?
5
Let h(f) = f**3 + 16*f**2 + 14*f - 9. What is the hundreds digit of h(-11)?
4
Suppose -5*j + 3276 = 4*h, -4*j + h + 2112 + 492 = 0. What is the tens digit of j?
5
Suppose -5*s - 3*i + 999 = 0, -7*s + 2*s - i + 1003 = 0. What is the tens digit of s?
0
Suppose 2*i + 2*p - 200 = 0, 2*i - 200 = -0*p + 3*p. What is the hundreds digit of i?
1
Suppose -8 = -4*j + 6*j. What is the tens digit of (-40)/(-3)*(-6)/j?
2
Suppose 8*c - y - 2103 = 3*c, 4*c - 1692 = -4*y. What is the units digit of c?
1
Let z = -166 + 285. What is the hundreds digit of z?
1
Let t(q) = -39*q - 12. Let d be t(-3). Suppose 0 = 3*c - 3*g - d, 2*c = -5*g + 139 - 41. What is the tens digit of c?
3
Suppose -5 = -2*n + t, 3*n = 4*n + 4*t - 16. What is the units digit of 44/n*(20/2 - 2)?
8
What is the units digit of 5/1 - 4375/(-7)?
0
Let o(l) = -8*l - 13. Let d be o(-3). Suppose 16*b - 750 = d*b. What is the hundreds digit of b?
1
Let z be (-3)/(-1) + (-1 - -173). Let r = z + -41. What is the units digit of r?
4
Let o(u) = 16*u**2 + 2*u. Let y be (-9)/6*4/6. What is the tens digit of o(y)?
1
Suppose 4*p - 7*p - 4203 = -o, 0 = -o + 5*p + 4201. What is the thousands digit of o?
4
Let r(t) = -6*t**3 + 15*t**2 + 42*t + 21. What is the units digit of r(-6)?
5
Let o(j) = -j + 1. Let p(t) = 27*t - 26. Let n(d) = 2*o(d) - p(d). Let k be n(-9). Suppose g + 70 = b, 4*b - 3*g = -2*g + k. What is the units digit of b?
3
Let b = -391 + 1160. What is the tens digit of b?
6
Suppose 0 = 8*r - 8479 - 9873. What is the hundreds digit of r?
2
Let z = 546 + 764. What is the thousands digit of z?
1
Suppose -15*a + 91 = -2*a. What is the units digit of a?
7
Suppose -3*b = -5*i - 54, 0 = -i - 0*b - 3*b. Let j be (-6)/i + (-26)/(-6). What is the units digit of (j/(-2))/((-6)/60)?
5
Suppose -r = -5*m + 23, m - 1 = -3*r + 2*r. Suppose -m*f + 28 = 3*f. Suppose -k + f*w = -26, -20 = -5*k + w + 167. What is the units digit of k?
8
Suppose 0 = -2*n + 5*n - 6. Suppose -n*o = -6*o. Suppose o*y = y - 16. What is the tens digit of y?
1
Let p = -681 + -108. What is the units digit of (-5)/(60/p)*4?
3
Let w = 7 + -5. Let v be (-1915)/(-55) - w/(-11). Suppose -8*z = -3*z - 5*y - v, 4*y = -4*z + 20. What is the units digit of z?
6
Let h = 1157 + -595. What is the hundreds digit of h?
5
What is the units digit of -1 - 7/(49/(-903))?
8
Let w be (-1)/5 - (-470)/(-25). Let a = -17 - w. What is the tens digit of 7/a*(-15 - -33)?
6
Let a be ((-6)/(-15))/((-2)/(-180)). Suppose -3*w + w - y = -72, -w = y - a. What is the tens digit of w?
3
Let g = 781 - 519. What is the tens digit of g?
6
Suppose c - 2*k + 65 = 0, -123 = 2*c + 2*k + k. Let s = 164 - c. What is the tens digit of s?
2
Let l(a) = -4*a. Let n be l(-1). Let f = n + 0. Suppose -j + 43 = 3*s, -5*s - f*j + 65 = -j. What is the tens digit of s?
1
Suppose 0 = 3*f - 3, -2*f + 1 = -i + 3. Let u be (-16)/(-40) - 234/10. Let n = i - u. What is the tens digit of n?
2
Let f = -1725 - -2538. Let k = f - 483. Suppose k = 4*l + 74. What is the tens digit of l?
6
Suppose 94*r - 210 = 84*r. What is the tens digit of r?
2
Suppose m = 3*m - 4. Suppose -2*t - 4*k = -m*k - 94, -5*t + 5*k + 245 = 0. Suppose d + t = 4*d. What is the units digit of d?
6
Let z = -5 - -9. Let j(d) be the second derivative of -d**3/6 + 9*d**2/2 + 10*d. What is the units digit of j(z)?
5
Let o(a) = -69*a**3 + 2*a**2 - a. Let x be -1 + 3 + (-1)/1. Let v be o(x). Let y = -37 - v. What is the units digit of y?
1
Suppose 29*r - 28*r - 532 = 0. Suppose -r = -5*n + 443. What is the hundreds digit of n?
1
Suppose 4*g + q - 977 = 0, -3*g = 10*q - 9*q - 734. What is the units digit of g?
3
Let c(x) = -x**3 - 6*x**2 + 5*x + 1. Let o be c(-7). Let p = o - 4. Let s = -1 + p. What is the units digit of s?
0
Suppose -16*s + 11*s = -4*p - 3392, -4*s + 2698 = 2*p. What is the hundreds digit of s?
6
Let h = 1427 - 902. What is the units digit of h?
5
Suppose 5*l - 2*z = -41, 3*z - 5 - 18 = 2*l. Let q = 11 + l. Suppose 2*m + 2*a - 46 = 0, -4*m - q*a = -6*m + 64. What is the tens digit of m?
2
Suppose -4*t = 3*a + 11 - 37, 0 = 4*a - 5*t - 14. Suppose -a*y = -125 - 7. What is the tens digit of y?
2
Suppose -4*h = 2*r - 83 - 41, 0 = 3*r + 6. Let m = h - -10. Let u = m - 25. What is the tens digit of u?
1
Let h = 3 + 1. Suppose -2*o + 5*b + 28 = 152, 0 = -h*o + 4*b - 248. Let u = -39 - o. What is the units digit of u?
3
Let h(c) = 8 + 26*c + 5 - 18*c. What is the units digit of h(4)?
5
Let j(s) = -3*s - 9 - 4*s**2 + 13*s**2 - 3*s**2 - 5*s**2. What is the units digit of j(-2)?
1
Let p = 1601 - 1314. What is the hundreds digit of p?
2
Suppose -a + 0*a = z + 2, -5*a - 37 = -4*z. What is the tens digit of z/(-2) - (-332)/8?
4
Suppose x - 19 = -5. Let r be (x/(-4))/(2/(-24)). Suppose 3*j + 0 - r = 0. What is the units digit of j?
4
Let s = -75 - -78. What is the units digit of s/(-24) + 507/24?
1
Suppose 35 = 7*z - 0. What is the units digit of (2*(4 - z))/(2/(-97))?
7
Suppose 4*t - 2*u - 556 = 0, 3*u + 697 = t + 4*t. Suppose 3*m - c = c + t, -4 = 4*c. What is the units digit of m?
5
Suppose 5*h - 67 = 48. Suppose x - 5*n - h = 0, 5*n = -0*n - 10. What is the tens digit of x?
1
Suppose 2*j + 21 = -j - 5*o, 0 = -2*j + 4*o + 8. Let g = -17 - -18. What is the tens digit of (-41)/j + g/2?
2
What is the hundreds digit of -4 + -9 - -215 - -1*5?
2
Let n be (3 - 1) + -1 - -23. Suppose 2*z + n = 3*g - 6, -4*g - 5*z = -17. Let u = 37 - g. What is the units digit of u?
9
Suppose 0 = -7*a + 16*a - 2250. Let q = -109 + a. What is the tens digit of q?
4
Let u be 1*(1 + -2) - 17. Let o = u - -21. Suppose o*j = -5*q + 194, 2*q + 5*j + 96 = 5*q. What is the tens digit of q?
3
Let k(l) = 5*l**2 + 5*l. Let h(i) = -6*i**2 - 6*i + 1. Let p(b) = 3*h(b) + 4*k(b). Let n(v) = -4*v**2 + 3*v - 1. Let t be n(1). What is the units digit of p(t)?
7
Let i = -28 + 32. Suppose 85 = h + 4*y, 0 = -i*h - y - y + 368. What is the tens digit of h?
9
Let v be (2 - -2)*(1 + 169). Suppose 0 = 2*t - 6*t + v. Suppose 4*b + 3*z = t + 5, -4*b - 5*z + 185 = 0. What is the tens digit of b?
4
Let l = -1303 - -2360. What is the hundreds digit of l?
0
Suppose -3*h = 3*h - 24. Let y = 4 - 4. Suppose -h*v - v + 180 = y. What is the tens digit of v?
3
Suppose 21 = 194*v - 191*v. Suppose v*y - 1050 = -3*y. What is the tens digit of y?
0
Let b = -24 + 49. Let t be (-4 - -3)/((-1)/b). Suppose 